 highest common divisor of 424896 and 187296?
96
What is the highest common factor of 7774 and 507104?
598
What is the highest common divisor of 136492209 and 4536?
567
What is the greatest common factor of 8589273 and 7?
7
Calculate the greatest common divisor of 750 and 26031.
3
Calculate the greatest common divisor of 867 and 338864927.
289
What is the highest common divisor of 8976 and 12974544?
528
What is the greatest common divisor of 8649 and 885825?
279
What is the greatest common factor of 57057595 and 805?
805
Calculate the highest common factor of 2012390630 and 8563.
8563
Calculate the greatest common factor of 22859957 and 1781.
137
Calculate the highest common divisor of 664 and 929268.
332
What is the highest common factor of 47311 and 1180429?
391
Calculate the highest common divisor of 2146 and 2548116.
74
What is the highest common divisor of 10651025 and 3521?
3521
What is the highest common divisor of 760 and 1104755?
95
Calculate the highest common divisor of 752 and 6605944.
376
Calculate the greatest common divisor of 935 and 666765.
55
Calculate the greatest common divisor of 2965 and 92561370.
2965
What is the highest common divisor of 2388 and 146988?
12
Calculate the highest common factor of 3414 and 2352.
6
What is the greatest common factor of 15650969 and 17933?
227
What is the highest common factor of 11464490 and 35664?
1486
What is the highest common factor of 160680786 and 33102?
3678
What is the highest common divisor of 4941 and 88904511?
549
What is the highest common divisor of 20490450 and 15?
15
What is the greatest common factor of 301950 and 97086?
66
Calculate the greatest common divisor of 780 and 15108860.
260
Calculate the highest common divisor of 147390 and 9248.
578
Calculate the highest common divisor of 16 and 1421968.
16
Calculate the highest common divisor of 414206 and 5486.
26
Calculate the greatest common factor of 1484 and 12956380.
212
What is the greatest common divisor of 2378732 and 2005?
401
What is the greatest common factor of 61216779 and 391?
17
Calculate the highest common factor of 23666785 and 213.
71
What is the greatest common divisor of 12078 and 5882118?
66
What is the highest common divisor of 280641 and 2247630?
417
What is the highest common factor of 1233 and 198833717?
137
What is the highest common factor of 395431707 and 44?
11
Calculate the greatest common divisor of 144116 and 2968.
28
Calculate the highest common divisor of 210562 and 902.
22
Calculate the highest common factor of 122081816 and 24.
8
What is the greatest common factor of 264139607 and 193?
193
Calculate the highest common divisor of 15997 and 16031.
17
Calculate the highest common factor of 1908 and 56869212.
636
What is the highest common factor of 2397406 and 826?
118
Calculate the highest common factor of 221 and 549695.
17
What is the greatest common factor of 2775 and 324270?
15
Calculate the highest common divisor of 11304550 and 216675.
2675
What is the greatest common factor of 150543 and 2574?
9
What is the greatest common factor of 19 and 32605767?
19
Calculate the highest common divisor of 47693250 and 45.
45
Calculate the greatest common divisor of 2096 and 280733.
131
What is the highest common factor of 8985 and 40515?
15
Calculate the highest common factor of 79218 and 120.
6
What is the greatest common divisor of 39 and 380549?
13
What is the greatest common factor of 5499 and 445536?
117
What is the greatest common divisor of 176 and 73743362?
22
Calculate the greatest common divisor of 16562568 and 1459.
1459
What is the greatest common divisor of 11540500 and 20000?
500
What is the greatest common divisor of 812427 and 1903?
11
Calculate the highest common divisor of 3523 and 1460381.
13
What is the greatest common factor of 1155 and 6892445?
35
Calculate the greatest common divisor of 255 and 2536860.
15
Calculate the highest common divisor of 2600543754 and 18.
18
Calculate the highest common divisor of 12100 and 1665565.
605
What is the highest common divisor of 3247 and 41488?
1
Calculate the greatest common factor of 179783 and 787497.
113
What is the highest common divisor of 5314169 and 896?
7
Calculate the highest common factor of 9263280 and 28704.
624
Calculate the greatest common factor of 1141 and 164643529.
163
What is the greatest common factor of 1908928 and 4151?
7
Calculate the highest common divisor of 125 and 3330375.
125
Calculate the highest common divisor of 153284160 and 320.
320
Calculate the highest common factor of 1062309 and 969.
57
Calculate the greatest common factor of 1867377 and 19548.
543
What is the greatest common divisor of 1553 and 17631209?
1553
What is the greatest common divisor of 1122 and 9741306?
102
Calculate the greatest common divisor of 49472 and 20396378.
1546
Calculate the highest common divisor of 2778 and 24017199.
1389
What is the highest common factor of 18573 and 10921377?
453
What is the highest common divisor of 19181151 and 9039?
393
Calculate the highest common divisor of 126 and 1148067.
9
What is the greatest common factor of 29417518 and 52?
26
Calculate the highest common divisor of 19837625 and 7550.
3775
What is the greatest common divisor of 4455 and 18993447?
891
What is the highest common factor of 7119 and 23281164?
1017
What is the greatest common factor of 16583108 and 36?
4
What is the highest common factor of 9816 and 9312?
24
What is the highest common factor of 99619 and 23933?
13
What is the highest common factor of 125 and 18348?
1
Calculate the greatest common factor of 76270 and 17806.
58
What is the greatest common factor of 700 and 393275?
25
What is the greatest common divisor of 1412538 and 256620?
282
Calculate the highest common factor of 1272 and 478749.
159
What is the highest common factor of 5602148 and 9772?
1396
What is the greatest common factor of 1092 and 15756650?
182
Calculate the highest common divisor of 15829216 and 169766.
5854
What is the highest common factor of 592104 and 168?
24
Calculate the highest common divisor of 11648 and 14972776.
728
Calculate the highest common divisor of 10511 and 706192.
23
What is the greatest common factor of 150 and 27064750?
50
What is the highest common factor of 252 and 46034436?
84
Calculate the highest common divisor of 456 and 3833112.
24
Calculate the greatest common factor of 420 and 19628140.
140
Calculate the greatest common factor of 372 and 5170707.
93
What is the highest common divisor of 163013 and 459068?
731
What is the highest common factor of 67706244 and 9?
9
Calculate the greatest common factor of 478 and 778465781.
239
Calculate the highest common factor of 117988 and 16640.
52
Calculate the highest common divisor of 36531 and 472209669.
3321
What is the highest common factor of 14734 and 874924?
106
Calculate the greatest common divisor of 1950 and 69750.
150
What is the greatest common factor of 8727 and 10077?
3
What is the greatest common divisor of 33415 and 5200030?
205
What is the highest common factor of 757 and 1331?
1
What is the greatest common divisor of 21863485 and 74?
37
Calculate the highest common factor of 3145 and 1973173.
629
What is the highest common divisor of 12216108 and 1116?
372
Calculate the greatest common factor of 277488 and 2556.
36
What is the greatest common divisor of 5372884 and 1210?
242
What is the greatest common divisor of 9009 and 77548471?
1001
What is the highest common divisor of 28973 and 14337496?
4139
Calculate the greatest common factor of 906682 and 8.
2
Calculate the highest common factor of 2710694 and 370.
74
What is the greatest common factor of 13239056 and 272?
272
Calculate the highest common divisor of 513859 and 1.
1
What is the highest common divisor of 56232 and 136422?
198
What is the highest common divisor of 11646 and 791124?
6
Calculate the greatest common factor of 708 and 11072648.
236
What is the highest common factor of 26270 and 625?
5
What is the highest common factor of 1435665 and 5929?
847
Calculate the greatest common divisor of 8685 and 12735.
45
Calculate the greatest common divisor of 5757440 and 2820480.
8320
What is the greatest common divisor of 1254306 and 176106?
3594
What is the highest common factor of 568 and 24351584?
8
What is the h